ber?
False
Is 147691 a prime number?
False
Is 128463 a composite number?
True
Is 1072301 composite?
False
Is 183809 a composite number?
False
Is 237121 composite?
True
Is 1444319 a prime number?
False
Is 9181 a prime number?
True
Is 2819 composite?
False
Is 701 prime?
True
Is 56081 composite?
False
Is 416947 a prime number?
True
Is 19931 a prime number?
False
Is 453493 a prime number?
False
Is 2017 a composite number?
False
Is 222839 prime?
True
Is 328435 composite?
True
Is 51571 a composite number?
True
Is 1164903 composite?
True
Is 36199 prime?
False
Is 57907 a prime number?
False
Is 8563 prime?
True
Is 336181 composite?
False
Is 1544011 a prime number?
False
Is 271723 prime?
True
Is 52061 a composite number?
True
Is 134137 a prime number?
False
Is 19117 a composite number?
True
Is 6714893 prime?
True
Is 2531 prime?
True
Is 250249 composite?
True
Is 21377 a prime number?
True
Is 233141 composite?
False
Is 30223 a prime number?
True
Is 372823 composite?
True
Is 37901 composite?
True
Is 6060865 a composite number?
True
Is 491 composite?
False
Is 188579 composite?
False
Is 9793 a composite number?
True
Is 2017 a composite number?
False
Is 241117 composite?
False
Is 28321 prime?
False
Is 26591 composite?
False
Is 8219 composite?
False
Is 3511 a composite number?
False
Is 245345 a prime number?
False
Is 5267 composite?
True
Is 87011 prime?
True
Is 8147 a prime number?
True
Is 39341 composite?
False
Is 179623 a composite number?
False
Is 3059517 composite?
True
Is 448397 prime?
True
Is 5981 a composite number?
False
Is 61678 a prime number?
False
Is 31307 a prime number?
True
Is 649 prime?
False
Is 11365 prime?
False
Is 28685 prime?
False
Is 5257 prime?
False
Is 125639 prime?
True
Is 1397 prime?
False
Is 2070737 a prime number?
True
Is 701 a composite number?
False
Is 408203 prime?
True
Is 44711 composite?
False
Is 75271 a composite number?
True
Is 127469 composite?
True
Is 4595 a prime number?
False
Is 1041 composite?
True
Is 6233 prime?
False
Is 107035 a prime number?
False
Is 1361677 a composite number?
False
Is 77767 a composite number?
True
Is 6121 prime?
True
Is 1927 prime?
False
Is 202277 prime?
True
Is 86653 a prime number?
False
Is 977 composite?
False
Is 8719 a composite number?
False
Is 620097 prime?
False
Is 7669 a prime number?
True
Is 209059 prime?
False
Is 130903 a prime number?
False
Is 5513 a prime number?
False
Is 426287 composite?
False
Is 48385 a composite number?
True
Is 5437 a prime number?
True
Is 41131 a prime number?
True
Is 1275517 prime?
False
Is 40897 a prime number?
True
Is 140977 composite?
False
Is 654229 prime?
True
Is 164569 composite?
False
Is 88307 prime?
False
Is 324067 composite?
False
Is 1603 prime?
False
Is 441281 a composite number?
False
Is 98405 a composite number?
True
Is 86302 prime?
False
Is 10601 composite?
False
Is 14567 prime?
False
Is 658507 a prime number?
True
Is 6614 a prime number?
False
Is 25421 composite?
True
Is 380231 prime?
True
Is 96377 a prime number?
True
Is 132283 a prime number?
True
Is 449077 composite?
False
Is 6017 composite?
True
Is 1445371 a prime number?
True
Is 135697 composite?
False
Is 58831 a composite number?
False
Is 177029 a composite number?
True
Is 5729 prime?
False
Is 31367 composite?
True
Is 75157 prime?
False
Is 1640741 a prime number?
True
Is 113691 a composite number?
True
Is 1043 prime?
False
Is 18929 a prime number?
False
Is 16243 composite?
True
Is 33949 prime?
False
Is 1862347 a prime number?
True
Is 39857 a composite number?
False
Is 54083 composite?
False
Is 550549 a prime number?
False
Is 14597 prime?
False
Is 83203 prime?
True
Is 24305 prime?
False
Is 40993 composite?
False
Is 58819 a prime number?
False
Is 19529 a composite number?
True
Is 26017 a prime number?
True
Is 105169 a composite number?
True
Is 863659 composite?
True
Is 77929 prime?
True
Is 33805 a prime number?
False
Is 68507 composite?
False
Is 1151 composite?
False
Is 3093 a composite number?
True
Is 83427 prime?
False
Is 1603193 a prime number?
True
Is 1151303 prime?
True
Is 161611 prime?
True
Is 972721 prime?
True
Is 4873 a prime number?
False
Is 2773 prime?
False
Is 10301 prime?
True
Is 194 a prime number?
False
Is 738263 a prime number?
True
Is 44359 composite?
True
Is 453566 composite?
True
Is 3763 composite?
True
Is 36791 a composite number?
False
Is 167861 a prime number?
True
Is 14173 prime?
True
Is 42101 a prime number?
True
Is 9017 a prime number?
False
Is 41351 a prime number?
True
Is 68509 a composite number?
True
Is 307 a composite number?
False
Is 417277 a prime number?
False
Is 187823 a composite number?
False
Is 150055 a composite number?
True
Is 762467 a prime number?
False
Is 7517 a prime number?
True
Is 318314 a composite number?
True
Is 621583 a composite number?
False
Is 79967 composite?
False
Is 574043 prime?
False
Is 22753 a composite number?
True
Is 28181 a composite number?
False
Is 549935 a composite number?
True
Is 586591 prime?
False
Is 8413 a composite number?
True
Is 23969 a composite number?
True
Is 25339 a composite number?
False
Is 34283 prime?
True
Is 620387 composite?
True
Is 5501 a composite number?
False
Is 743 prime?
True
Is 128965 composite?
True
Is 887 a prime number?
True
Is 948305 composite?
True
Is 9763 prime?
False
Is 163307 a prime number?
True
Is 20873 prime?
True
Is 55399 a composite number?
False
Is 314399 a composite number?
False
Is 914429 prime?
True
Is 96443 prime?
True
Is 303 composite?
True
Is 779 prime?
False
Is 816473 a composite number?
True
Is 41593 prime?
True
Is 167521 prime?
True
Is 6109 a composite number?
True
Is 33841 a composite number?
True
Is 137077 a composite number?
False
Is 81905 composite?
True
Is 22309 a prime number?
False
Is 26167 a prime number?
False
Is 1069 prime?
True
Is 96491 a composite number?
True
Is 10559 prime?
True
Is 192715 a composite number?
True
Is 3433 prime?
True
Is 1748993 a composite number?
False
Is 13121 a composite number?
False
Is 3601069 prime?
False
Is 4057 a composite number?
False
Is 24517 a composite number?
False
Is 122 composite?
True
Is 9901 prime?
True
Is 5173 prime?
False
Is 11197 prime?
True
Is 5297 a prime number?
True
Is 28123 prime?
True
Is 15837 prime?
False
Is 349637 a composite number?
False
Is 23189 prime?
True
Is 990754 a composite number?
True
Is 4391 composite?
False
Is 280219 composite?
False
Is 36619 composite?
True
Is 909307 prime?
False
Is 31555 composite?
True
Is 216347 a composite number?
False
Is 20789 composite?
False
Is 641 prime?
True
Is 73819 composite?
False
Is 123 a composite number?
True
Is 5631 prime?
False
Is 307 prime?
True
Is 137477 a composite number?
False
Is 173473 a composite number?
False
Is 6389 prime?
True
Is 1811 a composite number?
False
Is 479357 prime?
True
Is 11413 a prime number?
False
Is 258238 composite?
True
Is 16535 a prime number?
False
Is 10231781 composite?
True
Is 358181 composite?
False
Is 5519 a prime number?
True
Is 48835 a prime number?
False
Is 287219 composite?
False
Is 54547 composite?
False
Is 4694 composite?
True
Is 116239 a composite number?
False
Is 426158 prime?
False
Is 152113 a prime number?
False
Is 4441 a prime number?
True
Is 417839 a prime number?
True
Is 101947 a prime number?
False
Is 15497 a prime number?
True
Is 642281 a composite number?
False
Is 37537 composite?
False
Is 523453 a prime number?
False
Is 74197 a composite number?
False
Is 18107 a prime number?
False
Is 1757 prime?
False
Is 48479 prime?
True
Is 28309 prime?
True
Is 5893 prime?
False
Is 30829 prime?
True
Is 87359 a composite number?
False
Is 120763 composite?
False
Is 1018261 a prime number?
False
Is 33547 a composite number?
False
Is 23893 composite?
False
Is 264527 a composite number?
False
Is 23513 a composite number?
True
Is 6329 composite?
False
Is 2759063 a prime number?
True
Is 760251 a composite number?
True
Is 18391 prime?
False
Is 371641 prime?
False
Is 19277 a composite number?
True
Is 157793 composite?
False
Is 15497 a prime number?
True
Is 389 a prime number?
True
Is 221773 prime?
True
Is 23977 a prime number?
True
Is 52807 a composite number?
False
Is 298397 a composite number?
True
Is 773453 a prime number?
True
Is 2345965 composite?
True
Is 2569 a composite number?
True
Is 2444699 a composite number?
False
Is 51707 a prime number?
Fa